{"id":306,"date":"2023-10-11T14:34:24","date_gmt":"2023-10-11T14:34:24","guid":{"rendered":"https:\/\/tp1.forschungsgruppe-pronomen.de\/?page_id=306"},"modified":"2026-04-14T12:40:53","modified_gmt":"2026-04-14T11:40:53","slug":"publikationen","status":"publish","type":"page","link":"https:\/\/tp2.forschungsgruppe-pronomen.de\/en\/publikationen\/","title":{"rendered":"Publications"},"content":{"rendered":"<p>Dammel, A. (2023): Pronominale Referenz und Stancetaking mit <em>man<\/em> in historischen Zeitungstexten. In: Haaf, Susanne \/ Schuster, Britt-Marie (Hrsgg.): <em>Historische Textmuster im Wandel<\/em>. Berlin\/Boston: De Gruyter, 253\u2013290.<\/p>\n\n\n\n<p>Dammel, A. (i.E.): (Wie) Interagiert funktionale Schichtung mit Dom\u00e4ne und Konzeption? Explorationen in GiesKaNe an <em>wohl <\/em>und <em>man\/ein-<\/em>. In: \u00c1gel V., Linnenkohl, M., Sch\u00e4fer, K.E., Sievers, L. (Hg.): Grammatik des Neuhochdeutschen zwischen Gegenwart und Geschichte.<\/p>\n\n\n\n<p>Dammel, A.\/Duve, L. (2026): Impersonale als interpersonale Pronomen: Zur Perspektivierungsleistung von <em>man<\/em> im Vergleich agensfokussierender und -defokussierender Referenzmittel. In: Bauer, N.\/Lanwer, J.(Hg.):  Themenheft Personenreferenz und Perspektive. Zeitschrift f\u00fcr Germanistische Linguistik, 54(1), 128-163.v<\/p>\n\n\n\n<p>Dammel, A.\/ Gillmann, M. (i.E.):<em> Mensch, Alter! Wie soll man das untersuchen?<\/em> Pragmatikalisierungsprozesse im Vokativzyklus im Methodenvergleich. In: Jahrbuch des Instituts f\u00fcr deutsche Sprache 2025<\/p>\n\n\n\n<p>Dammel, A.\/ Gillmann, M. (i.E.): Vocative, where are you going, man? Cyclicity in pragmaticalization: from vocative to discourse marker and interjection. In: D\u00fcrscheid, Ch., Kretzenbacher, L.\/Simon, H. (Hg.): &#8222;You can say you to me\u201d: Address in German. Amsterdam: Benjamins (Topics in Address Research)<\/p>\n\n\n\n<p>Dammel, A.\/Imo, W.\/Lanwer, J.P. (in Bandbegutachtung): Pronomengebrauch und Stancetaking. In: Dammel, A.\/Imo, W.\/Lanwer, J.P. (Hg.): Pronomengebrauch und Stancetaking. T\u00fcbingen: Narr (Studien zur Pragmatik)<\/p>\n\n\n\n<p>Duve, L. (2024): \u201e<em>Sie Konne kein zeuberen da\u00df muge man machen wie man wolle<\/em>.\u201c Regionale und funktionale Variation des Pronomens <em>man<\/em> in Hexenverh\u00f6rprotokollen der fr\u00fchen Neuzeit. In: H\u00f6llein, Dagobert \/ Koch, G\u00fcnter \/ Werth, Alexander (Hrsgg.): <em>Regionale Sprachgeschichte(n)<\/em>. Jahrbuch f\u00fcr germanistische Sprachgeschichte (15). Berlin\/Boston: De Gruyter.<\/p>\n\n\n\n<p>Duve, L.\/Schick, V. (in Bandbegutachtung): \u201e<em>Man schaue und wundere sich<\/em>\u201c \u2013 Heische-Formeln mit <em>man<\/em> als Positionierungsressourcen in Dramen des 16. bis 19. Jahrhunderts. In: Dammel, A.\/Imo, W.\/Lanwer, J.P. (Hg.): Pronomengebrauch und Stancetaking. T\u00fcbingen: Narr (Studien zur Pragmatik)Duve, Laura; Schick, Valeria (2026): Wandel im Pronomengebrauch vom Fr\u00fchneuhochdeutschen zum fr\u00fchen Neuhochdeutschen: Korpusaufbereitung und Annotation mit INCEpTION und Auswertung und Visualisierung mit ANNIS. In:<strong> <\/strong>Brunner, A.; Hansen, S.; Lang, C.; Tu, N.; Duyen, T.; Wolfer, S. (Hg.):<strong> <\/strong>Deutsch im Wandel \u2013 Tools, Methoden, Ressourcen. Beitr\u00e4ge zur Methodenmesse der IDS-Jahrestagung 1. (=IDSopen 16). Mannheim: IDS Verlag. 48-63.<\/p>\n\n\n\n<p><\/p>","protected":false},"excerpt":{"rendered":"<p>Dammel, A. (2023): Pronominale Referenz und Stancetaking mit man in historischen Zeitungstexten. In: Haaf, Susanne \/ Schuster, Britt-Marie (Hrsgg.): Historische Textmuster im Wandel. Berlin\/Boston: De Gruyter, 253\u2013290. Dammel, A. (i.E.): (Wie) Interagiert funktionale Schichtung mit Dom\u00e4ne und Konzeption? Explorationen in GiesKaNe an wohl und man\/ein-. In: \u00c1gel V., Linnenkohl, M., Sch\u00e4fer, K.E., Sievers, L. (Hg.): [&hellip;]<\/p>","protected":false},"author":1,"featured_media":0,"parent":0,"menu_order":0,"comment_status":"closed","ping_status":"closed","template":"","meta":{"site-container-style":"default","site-container-layout":"default","site-sidebar-layout":"default","disable-article-header":"default","disable-site-header":"default","disable-site-footer":"default","disable-content-area-spacing":"default","footnotes":""},"class_list":["post-306","page","type-page","status-publish","hentry"],"publishpress_future_action":{"enabled":false,"date":"2026-05-10 18:02:59","action":"change-status","newStatus":"draft","terms":[],"taxonomy":"","extraData":[]},"publishpress_future_workflow_manual_trigger":{"enabledWorkflows":[]},"_links":{"self":[{"href":"https:\/\/tp2.forschungsgruppe-pronomen.de\/en\/wp-json\/wp\/v2\/pages\/306","targetHints":{"allow":["GET"]}}],"collection":[{"href":"https:\/\/tp2.forschungsgruppe-pronomen.de\/en\/wp-json\/wp\/v2\/pages"}],"about":[{"href":"https:\/\/tp2.forschungsgruppe-pronomen.de\/en\/wp-json\/wp\/v2\/types\/page"}],"author":[{"embeddable":true,"href":"https:\/\/tp2.forschungsgruppe-pronomen.de\/en\/wp-json\/wp\/v2\/users\/1"}],"replies":[{"embeddable":true,"href":"https:\/\/tp2.forschungsgruppe-pronomen.de\/en\/wp-json\/wp\/v2\/comments?post=306"}],"version-history":[{"count":10,"href":"https:\/\/tp2.forschungsgruppe-pronomen.de\/en\/wp-json\/wp\/v2\/pages\/306\/revisions"}],"predecessor-version":[{"id":537,"href":"https:\/\/tp2.forschungsgruppe-pronomen.de\/en\/wp-json\/wp\/v2\/pages\/306\/revisions\/537"}],"wp:attachment":[{"href":"https:\/\/tp2.forschungsgruppe-pronomen.de\/en\/wp-json\/wp\/v2\/media?parent=306"}],"curies":[{"name":"wp","href":"https:\/\/api.w.org\/{rel}","templated":true}]}}

<p>Dammel, A. (2023): Pronominale Referenz und Stancetaking mit <em>man</em> in historischen Zeitungstexten. In: Haaf, Susanne / Schuster, Britt-Marie (Hrsgg.): <em>Historische Textmuster im Wandel</em>. Berlin/Boston: De Gruyter, 253–290.</p>



<p>Dammel, A. (i.E.): (Wie) Interagiert funktionale Schichtung mit Domäne und Konzeption? Explorationen in GiesKaNe an <em>wohl </em>und <em>man/ein-</em>. In: Ágel V., Linnenkohl, M., Schäfer, K.E., Sievers, L. (Hg.): Grammatik des Neuhochdeutschen zwischen Gegenwart und Geschichte.</p>



<p>Dammel, A./Duve, L. (2026): Impersonale als interpersonale Pronomen: Zur Perspektivierungsleistung von <em>man</em> im Vergleich agensfokussierender und -defokussierender Referenzmittel. In: Bauer, N./Lanwer, J.(Hg.):  Themenheft Personenreferenz und Perspektive. Zeitschrift für Germanistische Linguistik, 54(1), 128-163.v</p>



<p>Dammel, A./ Gillmann, M. (i.E.):<em> Mensch, Alter! Wie soll man das untersuchen?</em> Pragmatikalisierungsprozesse im Vokativzyklus im Methodenvergleich. In: Jahrbuch des Instituts für deutsche Sprache 2025</p>



<p>Dammel, A./ Gillmann, M. (i.E.): Vocative, where are you going, man? Cyclicity in pragmaticalization: from vocative to discourse marker and interjection. In: Dürscheid, Ch., Kretzenbacher, L./Simon, H. (Hg.): &#8222;You can say you to me”: Address in German. Amsterdam: Benjamins (Topics in Address Research)</p>



<p>Dammel, A./Imo, W./Lanwer, J.P. (in Bandbegutachtung): Pronomengebrauch und Stancetaking. In: Dammel, A./Imo, W./Lanwer, J.P. (Hg.): Pronomengebrauch und Stancetaking. Tübingen: Narr (Studien zur Pragmatik)</p>



<p>Duve, L. (2024): „<em>Sie Konne kein zeuberen daß muge man machen wie man wolle</em>.“ Regionale und funktionale Variation des Pronomens <em>man</em> in Hexenverhörprotokollen der frühen Neuzeit. In: Höllein, Dagobert / Koch, Günter / Werth, Alexander (Hrsgg.): <em>Regionale Sprachgeschichte(n)</em>. Jahrbuch für germanistische Sprachgeschichte (15). Berlin/Boston: De Gruyter.</p>



<p>Duve, L./Schick, V. (in Bandbegutachtung): „<em>Man schaue und wundere sich</em>“ – Heische-Formeln mit <em>man</em> als Positionierungsressourcen in Dramen des 16. bis 19. Jahrhunderts. In: Dammel, A./Imo, W./Lanwer, J.P. (Hg.): Pronomengebrauch und Stancetaking. Tübingen: Narr (Studien zur Pragmatik)Duve, Laura; Schick, Valeria (2026): Wandel im Pronomengebrauch vom Frühneuhochdeutschen zum frühen Neuhochdeutschen: Korpusaufbereitung und Annotation mit INCEpTION und Auswertung und Visualisierung mit ANNIS. In:<strong> </strong>Brunner, A.; Hansen, S.; Lang, C.; Tu, N.; Duyen, T.; Wolfer, S. (Hg.):<strong> </strong>Deutsch im Wandel – Tools, Methoden, Ressourcen. Beiträge zur Methodenmesse der IDS-Jahrestagung 1. (=IDSopen 16). Mannheim: IDS Verlag. 48-63.</p>



<p></p>

<p>Dammel, A. (2023): Pronominale Referenz und Stancetaking mit man in historischen Zeitungstexten. In: Haaf, Susanne / Schuster, Britt-Marie (Hrsgg.): Historische Textmuster im Wandel. Berlin/Boston: De Gruyter, 253–290. Dammel, A. (i.E.): (Wie) Interagiert funktionale Schichtung mit Domäne und Konzeption? Explorationen in GiesKaNe an wohl und man/ein-. In: Ágel V., Linnenkohl, M., Schäfer, K.E., Sievers, L. (Hg.): [&hellip;]</p>
