{"id":14,"date":"2023-04-18T17:14:37","date_gmt":"2023-04-18T17:14:37","guid":{"rendered":"https:\/\/forschungsgruppe-pronomen.de\/?page_id=14"},"modified":"2024-04-17T13:46:23","modified_gmt":"2024-04-17T12:46:23","slug":"kontakt","status":"publish","type":"page","link":"https:\/\/tp2.forschungsgruppe-pronomen.de\/en\/kontakt\/","title":{"rendered":"Projektteam"},"content":{"rendered":"<div class=\"wp-block-columns is-layout-flex wp-container-core-columns-is-layout-28f84493 wp-block-columns-is-layout-flex\"><\/div>\n\n\n\n<figure class=\"wp-block-image size-full\"><img loading=\"lazy\" decoding=\"async\" width=\"767\" height=\"454\" src=\"https:\/\/tp2.forschungsgruppe-pronomen.de\/wp-content\/uploads\/2024\/04\/Bild-Homepage.jpg\" alt=\"\" class=\"wp-image-498\" srcset=\"https:\/\/tp2.forschungsgruppe-pronomen.de\/wp-content\/uploads\/2024\/04\/Bild-Homepage.jpg 767w, https:\/\/tp2.forschungsgruppe-pronomen.de\/wp-content\/uploads\/2024\/04\/Bild-Homepage-300x178.jpg 300w, https:\/\/tp2.forschungsgruppe-pronomen.de\/wp-content\/uploads\/2024\/04\/Bild-Homepage-18x12.jpg 18w\" sizes=\"auto, (max-width: 767px) 100vw, 767px\" \/><\/figure>\n\n\n\n<p>Antje Dammel, Lena Christoffer, Laura Duve, Nele Zohren<\/p>\n\n\n\n<p class=\"has-large-font-size\"><strong>Contact<\/strong><\/p>\n\n\n\n<div class=\"wp-block-columns is-layout-flex wp-container-core-columns-is-layout-28f84493 wp-block-columns-is-layout-flex\">\n<div class=\"wp-block-column is-layout-flow wp-block-column-is-layout-flow\">\n<p><a href=\"https:\/\/www.uni-muenster.de\/Germanistik\/Lehrende\/sprachwissenschaft\/dammel_antje\/index.html\" data-type=\"URL\" data-id=\"https:\/\/www.uni-muenster.de\/Germanistik\/Lehrende\/sprachwissenschaft\/guenthner_susanne\/index.html\">Prof. Dr. Antje Dammel<\/a><strong> <\/strong><\/p>\n\n\n\n<p>University of M\u00fcnster<br>Germanistisches Institut<br>Abteilung Sprachwissenschaft<br>Stein-Haus, Schlossplatz 34<br>48143 M\u00fcnster<br><a href=\"dammel@uni-muenster.de\" data-type=\"link\" data-id=\"dammel@uni-muenster.de\">E-Mail<\/a><\/p>\n<\/div>\n\n\n\n<div class=\"wp-block-column is-layout-flow wp-block-column-is-layout-flow\">\n<p><a href=\"https:\/\/www.uni-muenster.de\/Germanistik\/Lehrende\/sprachwissenschaft\/laura_duve\/index.html\" data-type=\"URL\" data-id=\"https:\/\/www.slm.uni-hamburg.de\/germanistik\/personen\/imo.html\">Laura Duve<\/a><\/p>\n\n\n\n<p>University of M\u00fcnster<br>Germanistisches Institut<br>Abteilung Sprachwissenschaft<br>Robert-Koch-Stra\u00dfe 29<br>D-48143 M\u00fcnster<br>Raum: 204<br><a href=\"laura.duve@uni-muenster.de\" data-type=\"mailto\" data-id=\"mailto:wolfgang.imo@uni-hamburg.de\">E-Mail<\/a><\/p>\n<\/div>\n<\/div>","protected":false},"excerpt":{"rendered":"<p>Antje Dammel, Lena Christoffer, Laura Duve, Nele Zohren Kontakt Prof. Dr. Antje Dammel Universit\u00e4t M\u00fcnsterGermanistisches InstitutAbteilung SprachwissenschaftStein-Haus, Schlossplatz 3448143 M\u00fcnsterE-Mail Laura Duve Universit\u00e4t M\u00fcnsterGermanistisches InstitutAbteilung SprachwissenschaftRobert-Koch-Stra\u00dfe 29D-48143 M\u00fcnsterRaum: 204E-Mail<\/p>","protected":false},"author":1,"featured_media":0,"parent":0,"menu_order":0,"comment_status":"closed","ping_status":"closed","template":"","meta":{"site-container-style":"default","site-container-layout":"default","site-sidebar-layout":"default","disable-article-header":"default","disable-site-header":"default","disable-site-footer":"default","disable-content-area-spacing":"default","footnotes":""},"class_list":["post-14","page","type-page","status-publish","hentry"],"publishpress_future_action":{"enabled":false,"date":"2026-05-10 15:44:17","action":"change-status","newStatus":"draft","terms":[],"taxonomy":"","extraData":[]},"publishpress_future_workflow_manual_trigger":{"enabledWorkflows":[]},"_links":{"self":[{"href":"https:\/\/tp2.forschungsgruppe-pronomen.de\/en\/wp-json\/wp\/v2\/pages\/14","targetHints":{"allow":["GET"]}}],"collection":[{"href":"https:\/\/tp2.forschungsgruppe-pronomen.de\/en\/wp-json\/wp\/v2\/pages"}],"about":[{"href":"https:\/\/tp2.forschungsgruppe-pronomen.de\/en\/wp-json\/wp\/v2\/types\/page"}],"author":[{"embeddable":true,"href":"https:\/\/tp2.forschungsgruppe-pronomen.de\/en\/wp-json\/wp\/v2\/users\/1"}],"replies":[{"embeddable":true,"href":"https:\/\/tp2.forschungsgruppe-pronomen.de\/en\/wp-json\/wp\/v2\/comments?post=14"}],"version-history":[{"count":26,"href":"https:\/\/tp2.forschungsgruppe-pronomen.de\/en\/wp-json\/wp\/v2\/pages\/14\/revisions"}],"predecessor-version":[{"id":501,"href":"https:\/\/tp2.forschungsgruppe-pronomen.de\/en\/wp-json\/wp\/v2\/pages\/14\/revisions\/501"}],"wp:attachment":[{"href":"https:\/\/tp2.forschungsgruppe-pronomen.de\/en\/wp-json\/wp\/v2\/media?parent=14"}],"curies":[{"name":"wp","href":"https:\/\/api.w.org\/{rel}","templated":true}]}}

<div class="wp-block-columns is-layout-flex wp-container-core-columns-is-layout-28f84493 wp-block-columns-is-layout-flex"></div>



<figure class="wp-block-image size-full"><img loading="lazy" decoding="async" width="767" height="454" src="https://tp2.forschungsgruppe-pronomen.de/wp-content/uploads/2024/04/Bild-Homepage.jpg" alt="" class="wp-image-498" srcset="https://tp2.forschungsgruppe-pronomen.de/wp-content/uploads/2024/04/Bild-Homepage.jpg 767w, https://tp2.forschungsgruppe-pronomen.de/wp-content/uploads/2024/04/Bild-Homepage-300x178.jpg 300w, https://tp2.forschungsgruppe-pronomen.de/wp-content/uploads/2024/04/Bild-Homepage-18x12.jpg 18w" sizes="auto, (max-width: 767px) 100vw, 767px" /></figure>



<p>Antje Dammel, Lena Christoffer, Laura Duve, Nele Zohren</p>



<p class="has-large-font-size"><strong>Contact</strong></p>



<div class="wp-block-columns is-layout-flex wp-container-core-columns-is-layout-28f84493 wp-block-columns-is-layout-flex">
<div class="wp-block-column is-layout-flow wp-block-column-is-layout-flow">
<p><a href="https://www.uni-muenster.de/Germanistik/Lehrende/sprachwissenschaft/dammel_antje/index.html" data-type="URL" data-id="https://www.uni-muenster.de/Germanistik/Lehrende/sprachwissenschaft/guenthner_susanne/index.html">Prof. Dr. Antje Dammel</a><strong> </strong></p>



<p>University of Münster<br>Germanistisches Institut<br>Abteilung Sprachwissenschaft<br>Stein-Haus, Schlossplatz 34<br>48143 Münster<br><a href="dammel@uni-muenster.de" data-type="link" data-id="dammel@uni-muenster.de">E-Mail</a></p>
</div>



<div class="wp-block-column is-layout-flow wp-block-column-is-layout-flow">
<p><a href="https://www.uni-muenster.de/Germanistik/Lehrende/sprachwissenschaft/laura_duve/index.html" data-type="URL" data-id="https://www.slm.uni-hamburg.de/germanistik/personen/imo.html">Laura Duve</a></p>



<p>University of Münster<br>Germanistisches Institut<br>Abteilung Sprachwissenschaft<br>Robert-Koch-Straße 29<br>D-48143 Münster<br>Raum: 204<br><a href="laura.duve@uni-muenster.de" data-type="mailto" data-id="mailto:wolfgang.imo@uni-hamburg.de">E-Mail</a></p>
</div>
</div>

<p>Antje Dammel, Lena Christoffer, Laura Duve, Nele Zohren Kontakt Prof. Dr. Antje Dammel Universität MünsterGermanistisches InstitutAbteilung SprachwissenschaftStein-Haus, Schlossplatz 3448143 MünsterE-Mail Laura Duve Universität MünsterGermanistisches InstitutAbteilung SprachwissenschaftRobert-Koch-Straße 29D-48143 MünsterRaum: 204E-Mail</p>
